e number?
False
Suppose 73 = 3*t - 104. Is t a composite number?
False
Let q(t) = 3*t**3 - 10*t**2 + 5*t + 13. Is q(7) a composite number?
False
Let w(c) be the second derivative of -4*c**3/3 + 5*c**2/2 - 2*c. Let m be w(-5). Let x = 124 - m. Is x a prime number?
True
Is 14283/45 - (-2)/(-5) composite?
False
Let f(w) = 98*w - 1. Let r(g) = -g**2 + 2*g + 3. Let p be r(2). Is f(p) composite?
False
Suppose -7*j + 8*j - 1777 = 0. Is j a prime number?
True
Suppose 0 = -6*u + 4*u + 1446. Is u a composite number?
True
Suppose 3*h = 9 + 3, -4*o + 588 = -2*h. Is o a composite number?
False
Suppose 3*l - 10 = -1. Suppose m - 151 = -x - l*x, m + 2*x = 157. Is m a prime number?
True
Let a(v) = -v**2 - 12*v - 4. Suppose 5 = -n - 4. Is a(n) composite?
False
Let r(j) = -49*j + 5. Let g be r(11). Let v = -227 - g. Is v a composite number?
False
Is -3 + (-18)/(-8) + 12350/8 a composite number?
False
Let r = -22 - -18. Let v(k) = -k**2 - 5*k + 1. Let t(n) = -4*n**2 - 14*n + 2. Let d(q) = -4*t(q) + 11*v(q). Is d(r) prime?
True
Let s(v) = -46*v + 15. Is s(-7) a composite number?
False
Let t(j) = -j**3 - 11*j**2 - 8*j - 9. Let d be t(-10). Let v = -10 - d. Is v a prime number?
True
Let x = 1 - -2. Suppose 4*i - x*i = -5, -5*u + 5*i = -45. Let g(j) = 13*j + 3. Is g(u) a prime number?
False
Let w be ((-30)/(-4))/(2/100). Suppose 5*d + 3*u = 7*u + w, 311 = 4*d - u. Is d a prime number?
True
Suppose -7*r + 6*r + 239 = 0. Is r a prime number?
True
Let f(i) = -26*i. Let y be f(-2). Let l = 2 + 11. Let z = y - l. Is z a composite number?
True
Suppose -23*m + 15*m + 45328 = 0. Is m prime?
False
Suppose 5*l + 5*f - 1045 = 0, -l - 5*f = 2*l - 635. Is l prime?
False
Let j(n) = 51*n**2 + 9*n + 7. Let f(c) = -25*c**2 - 4*c - 3. Let s(p) = -9*f(p) - 4*j(p). Suppose 1 = -2*y - 3*h, -5*h + 1 - 6 = 5*y. Is s(y) a prime number?
True
Let n(f) be the third derivative of f**5/60 + f**4/4 + 2*f**3/3 - f**2. Let a(z) = -z**2 + 17*z - 37. Let t be a(15). Is n(t) composite?
False
Let u(f) = -f + 6. Let j be u(6). Suppose -3*k + 15 = -j*k. Suppose k*y = -4*r - 0*r + 311, 394 = 5*r + y. Is r composite?
False
Suppose -5*u - 33 = -188. Suppose -3*s - 10 = -u. Is s prime?
True
Let h(n) = n**3 + 12*n**2 + 4*n. Let d(x) = 2*x**3 + 24*x**2 + 9*x + 1. Let v(f) = 3*d(f) - 5*h(f). Is v(-7) a prime number?
True
Is -2*(-178)/(-8)*-2 prime?
True
Suppose -5*h = -2*h. Let i(g) = g**2 - 7*g - 13. Let o be i(9). Suppose h*m = 5*m - o, -3*u - 3*m + 258 = 0. Is u a prime number?
False
Suppose 3*u - 7*u - 8 = 0. Let p(x) = -85*x. Let d be p(u). Suppose -2*f + d = 4*o, 2*o = 4*f - 0*o - 300. Is f composite?
True
Let y = 188 - 66. Is y a prime number?
False
Let q(g) = -54*g + 23. Is q(-6) a composite number?
False
Suppose 5*w = -3*t + 785, -785 = -5*w - 0*t - 2*t. Is w composite?
False
Suppose 3*d - 2*w - 50 - 74 = 0, -5*d - 3*w + 213 = 0. Suppose -3*v - 2*v + 125 = -4*o, -2*o + 155 = 5*v. Suppose -x + d = -v. Is x a composite number?
False
Let v(x) = -8*x - 1. Let o(s) = -4*s - 1. Let c(f) = 5*o(f) - 2*v(f). Let m be c(-2). Suppose 3*u + 2*a - m*a = 54, -2*u + 16 = 3*a. Is u a composite number?
True
Let w(l) = 70*l + 1. Is w(3) a prime number?
True
Suppose 0 = -3*a + 21 + 21. Let k be (-1)/2 + a/4. Suppose k - 22 = -x. Is x a composite number?
False
Let i = 11 - 6. Let x = 9 - i. Is 2/(x/10)*23 a prime number?
False
Let v(f) = -f**2 + 54*f + 39. Is v(20) a composite number?
False
Let x be (-92)/24 - (-2)/(-12). Let g be ((-6)/x)/(3/(-4)). Let p(h) = -21*h - 3. Is p(g) a composite number?
True
Let q be ((0 - 1)*-4)/1. Suppose -5*a + 20 = 0, 0*i = i + q*a - 13. Is 414/(-12)*2/i prime?
True
Suppose m + 6 - 3 = 2*b, -3*m = 9. Suppose b*q - 3*q + 3*v = -9, 0 = -3*q + v + 15. Is q a prime number?
False
Let n(o) = -o**3 + 12*o**2 - 4*o + 9. Is n(8) a composite number?
False
Let t = 963 - 290. Is t composite?
False
Let g(d) = -5*d**2 + d + 1. Let j be g(2). Let q = 28 + j. Is q prime?
True
Let l(q) = q**3 - q + 3. Let b = -6 - -6. Is l(b) prime?
True
Let s = -7 + 9. Suppose h = s*i - 1246, -236 = -2*i - 4*h + 1010. Is i a composite number?
True
Let l be (-4)/22 - (-2)/11. Suppose l*t + g = -3*t + 43, -5*g = -3*t + 37. Is t composite?
True
Let h(a) = 5*a**2 + 7*a + 17. Let q be h(7). Suppose 4*o - q = -3*c, 0 = 5*c - 0*o - 4*o - 465. Is c a prime number?
True
Let y(i) = -2*i - 5 + 5*i - 2*i + 5*i**2 - 4*i**2. Suppose -2*m + 6 = -2. Is y(m) prime?
False
Let y(o) = 148*o + 1. Let r be y(1). Let a(q) = r*q**3 + 0*q + 1 + 27*q**3 - q + 35*q**3. Is a(1) prime?
True
Is ((-3)/(-6))/(6/252) a prime number?
False
Is (-8)/44 - (-1 - 28428/22) composite?
True
Let j = -4 - -6. Suppose a + 60 + j = 0. Is 4/6 - a/6 a composite number?
False
Let t(a) = -a**3 - 6*a**2 - 2*a + 7. Let j be t(-6). Suppose j = u - 0*u + 3*k, -k = u - 9. Suppose 0*n - 73 = -5*r + n, u*n - 23 = -r. Is r a prime number?
False
Suppose 211 = 15*k - 14*k. Is k a prime number?
True
Suppose 7*o = -0*o + 343. Is o a prime number?
False
Is (-326)/6*-6*1/2 a composite number?
False
Suppose 0 = -p + 2*t + 2, -3*p + 3*t + 4 = -p. Suppose 0 = -2*f - p*f + 5*c + 231, -4*f + 238 = 2*c. Is f a composite number?
False
Let w = 6 + 80. Let y = -42 + w. Is (-12)/4*y/(-6) a composite number?
True
Let p = 18 + -13. Let x = -5 + 9. Suppose s + 293 = p*r, -2*r + 302 = 3*r - x*s. Is r composite?
True
Suppose 0 = 5*s - 3*r + 3 + 5, 0 = -4*s + 5*r - 9. Let w be (6*7/s)/1. Let q = w - -79. Is q a prime number?
True
Let z = -6 - -7. Let k be (2 - 3) + z + 395. Suppose 4*h = -h + k. Is h a composite number?
False
Suppose 0 = b - 4*w + 2*w - 411, -817 = -2*b - w. Is b prime?
True
Suppose 4*g - 182 - 244 = 2*m, 0 = -m - 5. Let q(z) = 35*z + 3. Let b be q(3). Suppose -4*w - b = f - 5*f, 4*f - g = 3*w. Is f composite?
False
Suppose -2*d + 1155 = 3*d + 5*l, 4*d = 2*l + 894. Let u(g) = -g**2 - 5*g - 1. Let h be u(-4). Suppose -2*a + 125 + 30 = -x, 0 = h*a + 5*x - d. Is a composite?
True
Let f = 27 + -15. Suppose 5*a + 21 = 2*l, a + 4*a + f = -l. Is (66/9)/(1/l) prime?
False
Suppose 3*m = 2 + 4. Suppose 0*w + 5*w + 59 = m*u, -5*u - w = -188. Is u a composite number?
False
Suppose -2*u = 3*u - 985. Let v = u + -135. Is v a prime number?
False
Suppose -4*o - n + 7 = 0, n = -0*n - 5. Is (-1)/(o - 1902/633) composite?
False
Let g(m) = 1031*m**2 - 2*m - 1. Let b be g(-1). Suppose -4*h = -3*n - 2552, 3*h + 4*n - 907 = b. Is h prime?
True
Suppose -66 = -3*m - 0*m. Suppose 10 = -j - t, 2*j + 3*t - 4 = -26. Let d = m + j. Is d composite?
True
Suppose 0 = -2*k + 4*v + 582, k + 2*v = 7*v + 279. Is k prime?
False
Let y = 515 - 42. Is y a prime number?
False
Let l be 1*6/(-3) - -4. Suppose -2*m = 3*u - 389, l*u + m - 341 = -83. Is u a composite number?
False
Let o(s) = s. Let t be o(0). Suppose -4*n + n + 15 = t, -4*h + 10 = -2*n. Suppose -4*r - 2*c + 60 = 0, 16 = h*r + 5*c - 69. Is r a composite number?
False
Let b = -27 + 101. Is b prime?
False
Suppose -2*r + 207 = 963. Let b = -215 - r. Is b prime?
True
Let c(a) = 26*a**2 + 20*a + 7. Is c(-5) composite?
False
Suppose -5*m + 16149 = -2*o - 773, 2*o = -2*m + 6780. Is m prime?
False
Let g be 1 + 2 + -1 + 1. Suppose -3*w + 6 = g*d - 3, -5 = -3*w + d. Let f = w + 13. Is f composite?
True
Let h(x) = -103*x + 2. Let s be h(-4). Let b = -177 + s. Is b a prime number?
False
Suppose 2*g - 2782 = 2*h + 2*h, 5*g - h = 6991. Is g prime?
True
Is (4/(-6))/((-8)/1884 + 0) prime?
True
Is -71*15/(-4 - 1) a prime number?
False
Let n(k) = 2*k - 3. Let b be n(4). Let i(g) = 2*g**2 - 2*g - 7. Is i(b) a prime number?
False
Suppose -3*y + 738 = 3*a, 276 = y - 2*a - 3*a. Is y a prime number?
True
Let p(j) = -11*j**3 + 2*j**2 + 4*j - 6. Is p(-5) composite?
False
Let w(b) = 39*b**3 + b. Let c be w(-1). Let j = 15 - c. Is j a prime number?
False
Let n(l) = 11*l + 25. Is n(18) composite?
False
Let d = -262 + 738. Suppose 6*z = 2*z + d. Is z prime?
False
Let p(s) = -36*s**3 + 5*s**2 - 6*s + 12. Is p(-5) composite?
True
Suppose -194 = -2*x - 2*k, 2*x + 194 = 4*x - 4*k. Is x prime?
True
Let h(a) = -43*a + 7. Let u be h(-3). Let y = u - 67. Is y a composite number?
True
Suppose 2*t - l = -4*l + 2395, 2*t - 2374 = 4*l. Is t prime?
True
Suppose -308 = -3*p - p. Is p a prime number?
False
Let v(c) = -33*c + 79. Is v(-18) prime?
True
Let j = 4 - 2. Suppose -4 = -2*p + j. Suppose 0*v 